(o) = 6*o**2 - 1960*o + 41343. Give l(304).
-1
Let x(p) = -p**3 - 87*p**2 - 2937*p - 245140. What is x(-86)?
46
Let v(u) = 42852*u - 1499818. Calculate v(35).
2
Let r(y) = -y**3 + 65*y**2 - 623*y - 717. Calculate r(53).
-28
Let l(m) = 4705*m - 4729. Give l(1).
-24
Let i(x) = 346758*x + 1387018. Give i(-4).
-14
Let q(j) = j**3 + 13*j**2 + 815*j + 7064. Calculate q(-9).
53
Let q(b) = -2423*b + 1252586. What is q(517)?
-105
Let z(i) = -47816*i + 2008239. Determine z(42).
-33
Let t(u) = u**2 - 497804*u + 4480154. Determine t(9).
-1
Let s(p) = -p**3 - 14*p**2 - 158*p - 1900. What is s(-13)?
-15
Let w(l) = 136*l - 2138. Calculate w(15).
-98
Let t(l) = -9*l**2 - 377*l + 293. Determine t(-43).
-137
Let u(o) = 2*o**2 - 4300*o + 959880. What is u(253)?
-2
Let y(c) = 3*c**2 - 107*c + 276. Determine y(33).
12
Let k(y) = -2*y**2 - 842*y + 28031. What is k(-452)?
7
Let g(i) = -374238*i + 1871191. Calculate g(5).
1
Let n(v) = 2027*v - 20408. Calculate n(10).
-138
Let n(s) = 2*s**3 - 430*s**2 + 2561*s - 26. What is n(6)?
292
Let g(y) = -2*y**2 - 6*y + 2092. Calculate g(31).
-16
Let m(k) = -k**3 + 24*k**2 - 101*k + 113. What is m(19)?
-1
Let t(i) = -21293*i - 2661623. What is t(-125)?
2
Let s(y) = -y**3 + 4*y**2 + 296*y - 1536. Calculate s(5).
-81
Let s(l) = 67*l**2 - 922*l - 6676. What is s(19)?
-7
Let y(t) = 268634*t + 8059020. Determine y(-30).
0
Let l(t) = -t**3 + 20*t**2 + 3224*t - 87726. Give l(30).
-6
Let v(j) = j**3 + 33*j**2 + 197*j - 268. Calculate v(-18).
1046
Let j(a) = -60624*a - 11094200. Calculate j(-183).
-8
Let z(v) = -v**3 + 28*v**2 - 153*v + 1175. Calculate z(24).
-193
Let z(v) = -15*v**2 - 2062*v + 1553. Calculate z(-138).
449
Let w(x) = -x**3 + 53*x**2 - 85*x + 614. Determine w(52).
-1102
Let i(q) = q**2 + 257*q - 37348. Determine i(103).
-268
Let c(o) = 26*o**2 + 467*o + 1. Calculate c(-18).
19
Let d(v) = -v**2 - 111*v + 30606. Calculate d(-239).
14
Let n(q) = -2*q**3 - 29*q**2 - 82*q - 500. What is n(-13)?
59
Let y(r) = 13*r**2 - 122*r - 3201. Give y(21).
-30
Let r(y) = -726*y + 5116. Give r(7).
34
Let t(k) = -2*k**3 - 113*k**2 + 679*k - 188. Determine t(-62).
-2
Let r(k) = -1036*k - 33609. Determine r(-31).
-1493
Let r(j) = -2055*j + 369909. What is r(180)?
9
Let d(j) = 261630*j + 7. What is d(0)?
7
Let j(n) = -n**3 + 15*n**2 - 23*n + 124. Determine j(11).
355
Let t(w) = -2*w**3 + 287*w**2 + 448*w - 1910. Calculate t(145).
-25
Let n(b) = -b**3 - 175*b**2 - 3119*b - 3079. Calculate n(-155).
-134
Let l(d) = d**3 + 32*d**2 - 314*d + 11. Calculate l(8).
59
Let o(z) = 82*z - 1172. Determine o(16).
140
Let w(d) = d**3 - 106*d**2 + 1646*d - 1110. Determine w(18).
6
Let b(y) = -625*y - 203110. Calculate b(-325).
15
Let r(u) = -66*u**2 - 19*u - 7. Give r(-1).
-54
Let v(l) = -1495*l**2 + 159965*l - 6. Determine v(107).
-6
Let c(g) = -5*g**2 + 100*g + 4843. Calculate c(-24).
-437
Let a(w) = 24535*w + 147212. Give a(-6).
2
Let o(j) = 722*j + 8663. What is o(-11)?
721
Let k(b) = -12*b**2 + 1112*b + 1604. Give k(94).
100
Let u(y) = -y**2 - 719*y + 5087. Give u(7).
5
Let d(b) = b**3 - 71*b**2 + 882*b + 82. What is d(55)?
192
Let g(f) = -f**3 + 33*f**2 - 2*f + 721. Give g(35).
-1799
Let b(s) = 94*s + 16082. Determine b(-167).
384
Let g(j) = 16985*j + 407623. Give g(-24).
-17
Let b(d) = -8883*d + 8892. What is b(1)?
9
Let l(x) = 40*x + 685. What is l(-13)?
165
Let t(l) = 5*l**3 + 93*l**2 - 30*l - 47. What is t(-19)?
-199
Let c(t) = -2*t**2 - 88*t - 480. What is c(-41)?
-234
Let d(c) = -8418*c + 50786. Give d(6).
278
Let j(w) = 6868*w - 80822. Determine j(11).
-5274
Let c(x) = -x**3 - 7*x**2 + 594*x + 5616. Give c(-10).
-24
Let j(m) = -316*m**2 + 221196*m + 2799. Calculate j(700).
-1
Let b(o) = -20902*o - 146086. What is b(-7)?
228
Let m(u) = -34*u**2 + 5099*u - 247. What is m(150)?
-397
Let v(q) = -210*q**2 - 5467*q - 6. What is v(0)?
-6
Let x(y) = -y**3 - 37*y**2 - 45*y + 14. Calculate x(-5).
-561
Let s(r) = -1284*r**2 + 88606*r - 683. What is s(69)?
7
Let q(y) = 189*y - 70313. What is q(372)?
-5
Let a(n) = 2*n**3 + 374*n**2 + 164*n - 38685. Give a(-186).
3
Let u(i) = 2*i**3 + 76*i**2 + 629*i + 181. Determine u(-26).
51
Let r(u) = 1383*u**2 - 5498*u - 135. Give r(4).
1
Let l(v) = -v**3 + 17*v**2 + 133*v - 2101. Determine l(21).
-1072
Let t(d) = -2*d**3 + 21*d**2 + 40*d - 134. Calculate t(10).
366
Let n(q) = 3*q**2 + q - 687. Calculate n(15).
3
Let x(w) = 35*w**2 + 554*w + 1435. Calculate x(-3).
88
Let h(j) = 3*j**2 + 170*j + 518. Determine h(-53).
-65
Let b(t) = t**2 + 14430*t - 375808. Give b(26).
48
Let r(j) = 40*j - 7141. What is r(188)?
379
Let i(j) = 13*j**2 - 71*j - 19. Give i(-2).
175
Let q(w) = w**3 - 455*w**2 + 7121*w - 1499. What is q(16)?
53
Let a(l) = -148047*l - 119325886. Give a(-806).
-4
Let l(v) = 4400*v - 264012. Determine l(60).
-12
Let f(u) = -u**3 + 388*u**2 + 509*u - 46672. Give f(389).
8
Let k(i) = i**2 - 991*i + 235413. Calculate k(596).
-7
Let k(m) = -10030*m - 70303. Determine k(-7).
-93
Let d(x) = 12990*x + 25916. Give d(-2).
-64
Let p(l) = 4*l + 76. Calculate p(-5).
56
Let l(s) = -2*s**3 - 37*s**2 - 21*s + 266. Calculate l(-15).
-994
Let l(z) = 285*z - 4328. Calculate l(15).
-53
Let p(g) = g**3 - 130*g**2 + 3544*g + 75. Calculate p(91).
-380
Let h(o) = 3*o**3 - 276*o**2 - 17*o + 1645. Determine h(92).
81
Let l(c) = 4*c**2 + 350*c + 4932. Determine l(-26).
-1464
Let k(d) = -3540*d - 28329. What is k(-8)?
-9
Let o(u) = 31146*u + 404908. Determine o(-13).
10
Let j(k) = k**2 - 373*k + 32210. What is j(237)?
-22
Let w(c) = 20*c**3 - 11321*c**2 + 574*c - 4515. Give w(566).
13
Let x(d) = 3*d**3 - 37*d**2 - 861*d + 10493. Give x(12).
17
Let s(m) = -m**3 + 76*m**2 + 284*m - 20659. What is s(76)?
925
Let r(p) = -9*p**3 + 705*p**2 - 244*p + 860. Calculate r(78).
80
Let o(h) = -4303*h - 110932. Determine o(-26).
946
Let v(q) = 434*q + 111140. Calculate v(-256).
36
Let o(u) = u**3 + 52*u**2 - 54*u + 3655. Give o(-54).
739
Let n(w) = -10829*w - 129988. Calculate n(-12).
-40
Let h(p) = 197*p**2 + 414*p + 36. Calculate h(-2).
-4
Let v(l) = 488*l - 50725. Determine v(104).
27
Let b(i) = -1071*i - 121570. What is b(-118)?
4808
Let b(k) = 2*k**2 - 26674*k + 1593245. Calculate b(60).
5
Let d(s) = 19170*s - 134188. Calculate d(7).
2
Let d(l) = 1125*l + 136079. Determine d(-121).
-46
Let a(o) = -4236*o + 199098. Determine a(47).
6
Let d(p) = 13*p**2 - 46*p - 219. Determine d(-8).
981
Let l(g) = g**3 - 28*g**2 - 55*g - 137. What is l(30)?
13
Let q(u) = -15475*u - 46695. Determine q(-3).
-270
Let d(l) = -l**3 + 2*l**2 + 940*l - 646. What is d(-30)?
-46
Let c(h) = 6*h**2 - 343*h + 2970. What is c(46)?
-112
Let u(m) = m**2 + 4*m - 1784. Determine u(45).
421
Let g(t) = 6*t**2 - 235*t + 156. Determine g(35).
-719
Let c(m) = m**2 + 39*m - 2279. Give c(38).
647
Let g(f) = -f**3 - 30*f**2 - 46*f - 27. Give g(-7).
-832
Let s(x) = 1747*x + 34778. Calculate s(-20).
-162
Let f(m) = -m**3 + 577*m**2 + 1082*m - 624319. Give f(577).
-5
Let g(j) = -j**3 - 37*j**2 + 62*j - 26. Give g(1).
-2
Let v(o) = -3909*o + 3029470. Give v(775).
-5
Let q(n) = -2*n**3 + 32*n**2 - 28*n + 172. Give q(13).
822
Let w(t) = t**3 - 22*t**2 + 114*t - 206. Determine w(17).
287
Let k(z) = 2289*z + 611250. Calculate k(-267).
87
Let s(t) = -34420*t + 998159. Give s(29).
-21
Let o(v) = -2*v**3 - 20*v**2 + 96*v + 338. Give o(-13).
104
Let h(g) = 3*g**3 - 22*g**2 - g - 16. What is h(8)?
104
Let n(h) = 26*h**3 + 288*h**2 - 596*h + 48. Calculate n(2).
216
Let h(k) = -76*k**2 - 1371*k + 5. Calculate h(-18).
59
Let b(o) = -8*o**2 + 663*o - 1290. What is b(2)?
4
Let i(n) = 864*n + 24170. Give i(-28).
-22
Let h(w) = -5*w**2 + 553*w - 1440. Give h(110).
-1110
Let a(o) = -o**3 - 8*o**2 + 15987*o + 111952. Determine a(-7).
-6
Let t(h) = 1424*h + 28365. What is t(-20)?
-115
Let w(u) = 2*u**3 + 83*u**2 - 731*u - 5029. Determine w(-48).
107
Let d(j) = -2107*j - 11290. Give d(-5).
-755
Let t(x) = -2*x**3 - 79*x**2 + 561*x + 17967. Calculate t(-41).
9
Let m(k) = -5*k**2 - 39194*k - 3716548. What is m(-96)?
-4
Let r(n) = -175*n**2 - 21363*n - 1533. Determine r(-122).
53
Let m(u) = 68*u**2 + 324*u + 55. Calculate m(-5).
135
Let v(x) = -5038*x + 15120. What is v(3)?
6
Let a(k) = -205*k**2 + 326*k + 169. Calculate a(2).
1
Let p(k) = -248*k - 9420. Determine p(-38).
4
Let a(q) = -q**3 - 124*q**2 - 1818*q - 